{"id":275,"date":"2019-06-30T04:33:35","date_gmt":"2019-06-30T01:33:35","guid":{"rendered":"http:\/\/www.nokitaito.fi\/?page_id=275"},"modified":"2026-01-14T15:12:08","modified_gmt":"2026-01-14T13:12:08","slug":"nuohous","status":"publish","type":"page","link":"https:\/\/www.nokitaito.fi\/index.php\/nuohous\/","title":{"rendered":"Nuohous"},"content":{"rendered":"\n<p>Kiinteist\u00f6n omistajan vastuulla on huolehtia ett\u00e4 kiinteist\u00f6n tulisijat ja hormit nuohotaan m\u00e4\u00e4r\u00e4v\u00e4lein.  Vakituisten asuntojen lakis\u00e4\u00e4teinen nuohousv\u00e4li on kerran vuodessa, vapaa-ajan asunnoissa joka kolmas vuosi.<br><br>Palveluumme kuuluu huolehtia ett\u00e4 nuohouksesi suoritetaan m\u00e4\u00e4r\u00e4v\u00e4lein ja pyrimme aina yhdist\u00e4m\u00e4\u00e4n muita nuohouksia samalle alueelle. Sinun kannattaa kys\u00e4ist\u00e4 naapureiltakin yhteist\u00e4 nuohousaikaa. N\u00e4in kaikki hy\u00f6tyv\u00e4t ja toiminta on ekologisempaa. <\/p>\n\n\n\n<p>Muuhun kuin omaan yksityiseen k\u00e4ytt\u00f6\u00f6n tarkoitetun, s\u00e4\u00e4nn\u00f6llisess\u00e4 k\u00e4yt\u00f6ss\u00e4 olevan vapaa-ajan asunnon nuohousv\u00e4li on kerran vuodessa. Kolme vuotta k\u00e4ytt\u00e4m\u00e4tt\u00e4 ollut tulisija ja hormi on nuohottava ennen k\u00e4ytt\u00f6\u00f6nottoa.<br><br> Tarkistathan ennen nuohooja saapumista seuraavat: <\/p>\n\n\n\n<ul>\n<li>Kattoturvalaitteet ovat kunnossa ett\u00e4 ty\u00f6 voidaan turvallisesti suorittaa<\/li>\n\n\n\n<li>Tulisijoille ja nuohousluukuille on esteet\u00f6n p\u00e4\u00e4sy<\/li>\n\n\n\n<li>Tuhkille on varattu turvallinen paikka tai astia <\/li>\n<\/ul>\n\n\n\n<figure class=\"wp-block-image size-large is-resized\"><img loading=\"lazy\" decoding=\"async\" width=\"768\" height=\"1024\" src=\"https:\/\/www.nokitaito.fi\/wp-content\/uploads\/2025\/09\/kuva376564-768x1024.jpg\" alt=\"\" class=\"wp-image-431\" style=\"aspect-ratio:1.3333333333333333;width:351px;height:auto\" srcset=\"https:\/\/www.nokitaito.fi\/wp-content\/uploads\/2025\/09\/kuva376564-768x1023.jpg 768w, https:\/\/www.nokitaito.fi\/wp-content\/uploads\/2025\/09\/kuva376564-225x300.jpg 225w, https:\/\/www.nokitaito.fi\/wp-content\/uploads\/2025\/09\/kuva376564-1153x1536.jpg 1153w, https:\/\/www.nokitaito.fi\/wp-content\/uploads\/2025\/09\/kuva376564.jpg 1200w\" sizes=\"(max-width: 768px) 100vw, 768px\" \/><\/figure>\n","protected":false},"excerpt":{"rendered":"<p>Kiinteist\u00f6n omistajan vastuulla on huolehtia ett\u00e4 kiinteist\u00f6n tulisijat ja hormit nuohotaan m\u00e4\u00e4r\u00e4v\u00e4lein. Vakituisten asuntojen lakis\u00e4\u00e4teinen nuohousv\u00e4li on kerran vuodessa, vapaa-ajan asunnoissa joka kolmas vuosi. Palveluumme kuuluu huolehtia ett\u00e4 nuohouksesi suoritetaan m\u00e4\u00e4r\u00e4v\u00e4lein ja pyrimme aina yhdist\u00e4m\u00e4\u00e4n muita nuohouksia samalle alueelle. Sinun kannattaa kys\u00e4ist\u00e4 naapureiltakin yhteist\u00e4 nuohousaikaa. N\u00e4in kaikki hy\u00f6tyv\u00e4t ja toiminta on ekologisempaa. Muuhun kuin omaan [&hellip;]<\/p>\n","protected":false},"author":1,"featured_media":0,"parent":0,"menu_order":0,"comment_status":"closed","ping_status":"closed","template":"","meta":{"footnotes":""},"_links":{"self":[{"href":"https:\/\/www.nokitaito.fi\/index.php\/wp-json\/wp\/v2\/pages\/275"}],"collection":[{"href":"https:\/\/www.nokitaito.fi\/index.php\/wp-json\/wp\/v2\/pages"}],"about":[{"href":"https:\/\/www.nokitaito.fi\/index.php\/wp-json\/wp\/v2\/types\/page"}],"author":[{"embeddable":true,"href":"https:\/\/www.nokitaito.fi\/index.php\/wp-json\/wp\/v2\/users\/1"}],"replies":[{"embeddable":true,"href":"https:\/\/www.nokitaito.fi\/index.php\/wp-json\/wp\/v2\/comments?post=275"}],"version-history":[{"count":5,"href":"https:\/\/www.nokitaito.fi\/index.php\/wp-json\/wp\/v2\/pages\/275\/revisions"}],"predecessor-version":[{"id":433,"href":"https:\/\/www.nokitaito.fi\/index.php\/wp-json\/wp\/v2\/pages\/275\/revisions\/433"}],"wp:attachment":[{"href":"https:\/\/www.nokitaito.fi\/index.php\/wp-json\/wp\/v2\/media?parent=275"}],"curies":[{"name":"wp","href":"https:\/\/api.w.org\/{rel}","templated":true}]}}