{"id":345,"date":"2019-07-24T16:25:13","date_gmt":"2019-07-24T13:25:13","guid":{"rendered":"http:\/\/www.nokitaito.fi\/?page_id=345"},"modified":"2019-09-01T15:18:05","modified_gmt":"2019-09-01T12:18:05","slug":"hyva-tietaa","status":"publish","type":"page","link":"https:\/\/www.nokitaito.fi\/index.php\/hyva-tietaa\/","title":{"rendered":"Hyv\u00e4 tiet\u00e4\u00e4"},"content":{"rendered":"\n<p><a href=\"https:\/\/nuohoojat.fi\/\">Nuohousalan keskusliitto ry<\/a><\/p>\n\n\n\n<p><a href=\"http:\/\/pelastustoimi.fi\/turvatietoa\/esta-palon-leviaminen\/paloturvallisuuslaitteet\">Palovaroittimen testaus<\/a><\/p>\n\n\n\n<p><a href=\"https:\/\/www.sisailmayhdistys.fi\/content\/download\/1823\/8978\/version\/1\/file\/AAL-Heli-Sis%2B%C3%B1ilmaopas_web-2014.pdf\">Sis\u00e4ilmaopas<\/a><\/p>\n\n\n\n<p><a href=\"https:\/\/asset.egate.fi\/versiondownload\/226499\/Opas_puunpolttoon\">Opas puunpolttoon -HSY<\/a><\/p>\n\n\n\n<p><a href=\"https:\/\/www.nokitaito.fi\/wp-content\/uploads\/2019\/09\/Kattoturvaopas_2016.pdf\">Kiinteist\u00f6nhaltijan kattoturvaopas<\/a><\/p>\n\n\n\n<figure class=\"wp-block-image is-resized\"><img loading=\"lazy\" decoding=\"async\" src=\"http:\/\/www.nokitaito.fi\/wp-content\/uploads\/2019\/06\/IMG_5255-1024x683.jpg\" alt=\"\" class=\"wp-image-57\" width=\"512\" height=\"342\" srcset=\"https:\/\/www.nokitaito.fi\/wp-content\/uploads\/2019\/06\/IMG_5255-1024x683.jpg 1024w, https:\/\/www.nokitaito.fi\/wp-content\/uploads\/2019\/06\/IMG_5255-300x200.jpg 300w, https:\/\/www.nokitaito.fi\/wp-content\/uploads\/2019\/06\/IMG_5255-768x512.jpg 768w, https:\/\/www.nokitaito.fi\/wp-content\/uploads\/2019\/06\/IMG_5255-1200x800.jpg 1200w\" sizes=\"(max-width: 512px) 100vw, 512px\" \/><\/figure>\n","protected":false},"excerpt":{"rendered":"<p>Nuohousalan keskusliitto ry Palovaroittimen testaus Sis\u00e4ilmaopas Opas puunpolttoon -HSY Kiinteist\u00f6nhaltijan kattoturvaopas<\/p>\n","protected":false},"author":1,"featured_media":0,"parent":0,"menu_order":0,"comment_status":"closed","ping_status":"closed","template":"","meta":{"footnotes":""},"_links":{"self":[{"href":"https:\/\/www.nokitaito.fi\/index.php\/wp-json\/wp\/v2\/pages\/345"}],"collection":[{"href":"https:\/\/www.nokitaito.fi\/index.php\/wp-json\/wp\/v2\/pages"}],"about":[{"href":"https:\/\/www.nokitaito.fi\/index.php\/wp-json\/wp\/v2\/types\/page"}],"author":[{"embeddable":true,"href":"https:\/\/www.nokitaito.fi\/index.php\/wp-json\/wp\/v2\/users\/1"}],"replies":[{"embeddable":true,"href":"https:\/\/www.nokitaito.fi\/index.php\/wp-json\/wp\/v2\/comments?post=345"}],"version-history":[{"count":8,"href":"https:\/\/www.nokitaito.fi\/index.php\/wp-json\/wp\/v2\/pages\/345\/revisions"}],"predecessor-version":[{"id":376,"href":"https:\/\/www.nokitaito.fi\/index.php\/wp-json\/wp\/v2\/pages\/345\/revisions\/376"}],"wp:attachment":[{"href":"https:\/\/www.nokitaito.fi\/index.php\/wp-json\/wp\/v2\/media?parent=345"}],"curies":[{"name":"wp","href":"https:\/\/api.w.org\/{rel}","templated":true}]}}