{"id":9,"date":"2019-06-19T17:50:42","date_gmt":"2019-06-19T17:50:42","guid":{"rendered":"http:\/\/www.nokitaito.fi\/?page_id=9"},"modified":"2024-01-28T19:14:53","modified_gmt":"2024-01-28T17:14:53","slug":"etusivu","status":"publish","type":"page","link":"https:\/\/www.nokitaito.fi\/","title":{"rendered":"Etusivu"},"content":{"rendered":"<p>Tarjoamme monipuolisia nuohous- ja ilmanvaihtopalveluita sek\u00e4 kiinteist\u00f6jen huoltot\u00f6it\u00e4.<br \/>\nYritys on toiminut Kymenlaaksossa 15 v. Toimialueena on Kymenlaakso ja l\u00e4hikunnat sek\u00e4 muutamat alueet muualla Suomessa. Suoritamme ty\u00f6t ammattitaidolla, luotettavasti sek\u00e4 asiakasl\u00e4ht\u00f6isesti. Kun tulisijan ja hormin nuohouksesta huolehditaan s\u00e4\u00e4nn\u00f6llisesti, talo pysyy paloturvallisempana ja energiaa s\u00e4\u00e4styy. Nuohous lis\u00e4\u00e4 kodin ja ymp\u00e4rist\u00f6n viihtyisyytt\u00e4 ja asukkaiden hyvinvointia. Puhdistettu tulisija vaikuttaa my\u00f6s huoneilman laatuun. Ja oikein toimivasta, puhtaasta ilmanvaihtoj\u00e4rjestelm\u00e4st\u00e4 tuotettu puhdas sis\u00e4ilma hy\u00f6dytt\u00e4\u00e4 niin kiinteist\u00f6\u00e4 kuin sen asukkaitakin.<\/p>\n<p>Kes\u00e4isin nuohoamme my\u00f6s lauantaisin.<\/p>\n<p>Olemme <a href=\"https:\/\/nuohoojat.fi\/\"><em>Nuohousalanliiton ry:n<\/em><\/a> j\u00e4senyritys ja olemme saaneet <a href=\"https:\/\/nuohoojat.fi\/\">OMAnuohooja-tunnuksen<\/a>.<\/p>\n<p><a href=\"https:\/\/nuohoojat.fi\/\"><img loading=\"lazy\" decoding=\"async\" class=\"size-medium wp-image-223\" src=\"http:\/\/www.nokitaito.fi\/wp-content\/uploads\/2019\/06\/OmaNuohooja_logo-1-300x140.jpg\" alt=\"Olemme Nuohousalanliiton ry:n j\u00e4senyritys ja olemme saaneet OMAnuohooja-tunnuksen\" width=\"300\" height=\"140\" srcset=\"https:\/\/www.nokitaito.fi\/wp-content\/uploads\/2019\/06\/OmaNuohooja_logo-1-300x140.jpg 300w, https:\/\/www.nokitaito.fi\/wp-content\/uploads\/2019\/06\/OmaNuohooja_logo-1-768x359.jpg 768w, https:\/\/www.nokitaito.fi\/wp-content\/uploads\/2019\/06\/OmaNuohooja_logo-1-1024x479.jpg 1024w, https:\/\/www.nokitaito.fi\/wp-content\/uploads\/2019\/06\/OmaNuohooja_logo-1.jpg 1996w\" sizes=\"(max-width: 300px) 100vw, 300px\" \/><\/a><\/p>\n","protected":false},"excerpt":{"rendered":"<p>Tarjoamme monipuolisia nuohous- ja ilmanvaihtopalveluita sek\u00e4 kiinteist\u00f6jen huoltot\u00f6it\u00e4. Yritys on toiminut Kymenlaaksossa 15 v. Toimialueena on Kymenlaakso ja l\u00e4hikunnat sek\u00e4 muutamat alueet muualla Suomessa. Suoritamme ty\u00f6t ammattitaidolla, luotettavasti sek\u00e4 asiakasl\u00e4ht\u00f6isesti. Kun tulisijan ja hormin nuohouksesta huolehditaan s\u00e4\u00e4nn\u00f6llisesti, talo pysyy paloturvallisempana ja energiaa s\u00e4\u00e4styy. Nuohous lis\u00e4\u00e4 kodin ja ymp\u00e4rist\u00f6n viihtyisyytt\u00e4 ja asukkaiden hyvinvointia. Puhdistettu tulisija vaikuttaa [&hellip;]<\/p>\n","protected":false},"author":1,"featured_media":0,"parent":222,"menu_order":2,"comment_status":"closed","ping_status":"closed","template":"","meta":{"footnotes":""},"_links":{"self":[{"href":"https:\/\/www.nokitaito.fi\/index.php\/wp-json\/wp\/v2\/pages\/9"}],"collection":[{"href":"https:\/\/www.nokitaito.fi\/index.php\/wp-json\/wp\/v2\/pages"}],"about":[{"href":"https:\/\/www.nokitaito.fi\/index.php\/wp-json\/wp\/v2\/types\/page"}],"author":[{"embeddable":true,"href":"https:\/\/www.nokitaito.fi\/index.php\/wp-json\/wp\/v2\/users\/1"}],"replies":[{"embeddable":true,"href":"https:\/\/www.nokitaito.fi\/index.php\/wp-json\/wp\/v2\/comments?post=9"}],"version-history":[{"count":10,"href":"https:\/\/www.nokitaito.fi\/index.php\/wp-json\/wp\/v2\/pages\/9\/revisions"}],"predecessor-version":[{"id":414,"href":"https:\/\/www.nokitaito.fi\/index.php\/wp-json\/wp\/v2\/pages\/9\/revisions\/414"}],"up":[{"embeddable":true,"href":"https:\/\/www.nokitaito.fi\/index.php\/wp-json\/wp\/v2\/pages\/222"}],"wp:attachment":[{"href":"https:\/\/www.nokitaito.fi\/index.php\/wp-json\/wp\/v2\/media?parent=9"}],"curies":[{"name":"wp","href":"https:\/\/api.w.org\/{rel}","templated":true}]}}